{"id":632,"date":"2024-09-23T11:14:21","date_gmt":"2024-09-23T09:14:21","guid":{"rendered":"https:\/\/kospoznan.pan.pl\/?page_id=632"},"modified":"2024-09-23T11:14:22","modified_gmt":"2024-09-23T09:14:22","slug":"stepan","status":"publish","type":"page","link":"https:\/\/kospoznan.pan.pl\/?page_id=632","title":{"rendered":"\u0160t\u011bp\u00e1n"},"content":{"rendered":"\n<h1 class=\"wp-block-heading\"><strong>PhDr. Pavel \u0160t\u011bp\u00e1n, Ph.D.<\/strong><\/h1>\n\n\n\n<p><strong>Kontakty:<\/strong> <a href=\"mailto:stepan@ujc.cas.cz\">stepan@ujc.cas.cz<\/a><br>\u00dastav pro jazyk \u010desk\u00fd AV \u010cR, v. v. i., Letensk\u00e1 4, 118 00 Praha 1<\/p>\n\n\n\n<p><strong>Odborn\u00e9 zam\u011b\u0159en\u00ed:<\/strong> toponomastika (pom\u00edstn\u00ed jm\u00e9na, m\u00edstn\u00ed jm\u00e9na, urbanonyma); antroponomastika\u00a0s\u00a0d\u016frazem na expertizn\u00ed \u010dinnost; propri\u00e1ln\u00ed slovotvorba.<\/p>\n\n\n\n<p><strong>Vzd\u011bl\u00e1n\u00ed:<\/strong><\/p>\n\n\n\n<p>2004\u20132010 Filozofick\u00e1 fakulta Univerzity Karlovy\u00a0v\u00a0Praze<\/p>\n\n\n\n<ul class=\"wp-block-list\">\n<li>doktorsk\u00e9 studium (titul Ph.D.)<\/li>\n\n\n\n<li>obor: \u010desk\u00fd jazyk<\/li>\n\n\n\n<li>diserta\u010dn\u00ed pr\u00e1ce: <em>Slovotvorn\u00e1 anal\u00fdza pom\u00edstn\u00edch jmen v\u00a0\u010cech\u00e1ch<\/em><\/li>\n<\/ul>\n\n\n\n<p>2003: Filozofick\u00e1 fakulta Univerzity Karlovy v&nbsp;Praze<\/p>\n\n\n\n<ul class=\"wp-block-list\">\n<li>rigor\u00f3zn\u00ed \u0159\u00edzen\u00ed (titul PhDr.)<\/li>\n\n\n\n<li>obor: \u010desk\u00fd jazyk<\/li>\n<\/ul>\n\n\n\n<p>1996\u20132002: Filozofick\u00e1 fakulta Univerzity Karlovy<\/p>\n\n\n\n<ul class=\"wp-block-list\">\n<li>magistersk\u00e9 studium<\/li>\n\n\n\n<li>obor: \u010desk\u00fd jazyk a literatura \u2013 anglistika a amerikanistika<\/li>\n\n\n\n<li>diplomov\u00e1 pr\u00e1ce: <em>Ozna\u010den\u00ed barev a jejich u\u017eit\u00ed\u00a0v\u00a0toponymii \u010cech<\/em><\/li>\n<\/ul>\n\n\n\n<p><strong>Dosa\u017een\u00e1 praxe:<\/strong><\/p>\n\n\n\n<ul class=\"wp-block-list\">\n<li>od 2017: vedouc\u00ed redaktor \u010dasopisu Acta onomastica<\/li>\n\n\n\n<li>od 2017: vedouc\u00ed odd\u011blen\u00ed onomastiky \u00dastavu pro jazyk \u010desk\u00fd AV \u010cR<\/li>\n\n\n\n<li>od 2011: v\u011bdeck\u00fd pracovn\u00edk odd\u011blen\u00ed onomastiky \u00dastavu pro jazyk \u010desk\u00fd AV \u010cR<\/li>\n\n\n\n<li>2004\u20132009: v\u00fdkonn\u00fd redaktor \u010dasopisu Acta onomastica<\/li>\n\n\n\n<li>2001\u20132002 a 2003\u20132011: odborn\u00fd pracovn\u00edk\u00a0v\u00a0\u00faseku (od r. 2006 odd\u011blen\u00ed) onomastiky<\/li>\n\n\n\n<li>1998\u20132001: pomocn\u00e1 v\u011bdeck\u00e1 s\u00edla\u00a0v\u00a0\u00faseku onomastiky \u00dastavu pro jazyk \u010desk\u00fd AV \u010cR<\/li>\n<\/ul>\n\n\n\n<p><strong>Vybran\u00e9 publikace:<\/strong><\/p>\n\n\n\n<p><em><span style=\"text-decoration: underline;\">Monografie a kolektivn\u00ed publikace:<\/span><\/em><\/p>\n\n\n\n<ol class=\"wp-block-list\">\n<li>\u0160T\u011aP\u00c1N,\u00a0P. (2016): <em>Pom\u00edstn\u00ed jm\u00e9na\u00a0v\u00a0\u010cech\u00e1ch\u00a0z\u00a0pohledu slovotvorn\u00e9ho<\/em>. Praha: Academia, 347\u00a0s. + 24\u00a0map.<\/li>\n\n\n\n<li>\u0160T\u011aP\u00c1N,\u00a0P. (2004): <em>Ozna\u010den\u00ed barev a jejich u\u017eit\u00ed\u00a0v\u00a0toponymii \u010cech<\/em>. Opera linguae bohemicae studentium\u00a06. Praha: Univerzita Karlova, Filozofick\u00e1 fakulta, 158\u00a0s.<\/li>\n\n\n\n<li>MAT\u00da\u0160OV\u00c1,\u00a0J. \u2013 GIGER,\u00a0M. \u2013 GIGER,\u00a0M. \u2013 MALEN\u00cdNSK\u00c1,\u00a0J. \u2013 PROCH\u00c1ZKOV\u00c1,\u00a0\u017d. \u2013 STEINEROV\u00c1,\u00a0J. \u2013 \u0160T\u011aP\u00c1N,\u00a0P. \u2013 ZIRHUTOV\u00c1,\u00a0M.(2009): <em>Slovn\u00edk pom\u00edstn\u00edch jmen\u00a0v\u00a0\u010cech\u00e1ch\u00a0V\u00a0(Bra-Buc)<\/em>. Praha: Academia.<\/li>\n\n\n\n<li>MAT\u00da\u0160OV\u00c1,\u00a0J. \u2013 GIGER,\u00a0M. \u2013 HAMPLOV\u00c1,\u00a0M. \u2013 MALEN\u00cdNSK\u00c1,\u00a0J. \u2013 PROCH\u00c1ZKOV\u00c1,\u00a0\u017d. \u2013 STEINEROV\u00c1,\u00a0J. \u2013 \u0160T\u011aP\u00c1N,\u00a0P. (2008): <em>Slovn\u00edk pom\u00edstn\u00edch jmen\u00a0v\u00a0\u010cech\u00e1ch\u00a0IV\u00a0(B\u00edg-Bo\u017e)<\/em>. Praha: Academia.<\/li>\n\n\n\n<li>MAT\u00da\u0160OV\u00c1,\u00a0J. \u2013 GIGER,\u00a0M. \u2013 HAMPLOV\u00c1,\u00a0M. \u2013 MACKOVI\u010cOV\u00c1,\u00a0M. \u2013 MALEN\u00cdNSK\u00c1,\u00a0J. \u2013 PROCH\u00c1ZKOV\u00c1,\u00a0\u017d. \u2013 STEINEROV\u00c1,\u00a0J. \u2013 \u0160T\u011aP\u00c1N,\u00a0P. (2007): <em>Slovn\u00edk pom\u00edstn\u00edch jmen\u00a0v\u00a0\u010cech\u00e1ch\u00a0III\u00a0(Bav-B\u00edd)<\/em>. Praha: Academia.<\/li>\n\n\n\n<li>MAT\u00da\u0160OV\u00c1,\u00a0J. \u2013 MALEN\u00cdNSK\u00c1,\u00a0J. \u2013 GIGER,\u00a0M. \u2013 HAMPLOV\u00c1,\u00a0M. \u2013 \u0160T\u011aP\u00c1N,\u00a0P. \u2013 MACKOVI\u010cOV\u00c1,\u00a0M.(2006): <em>Slovn\u00edk pom\u00edstn\u00edch jmen\u00a0v\u00a0\u010cech\u00e1ch\u00a0II\u00a0(B-Bau)<\/em>. Praha: Academia.<\/li>\n<\/ol>\n\n\n\n<p><em><span style=\"text-decoration: underline;\">\u010cl\u00e1nky:<\/span><\/em><\/p>\n\n\n\n<ol class=\"wp-block-list\">\n<li>\u0160T\u011aP\u00c1N,\u00a0P. (2022): V\u00fdklady m\u00edstn\u00edch jmen na ofici\u00e1ln\u00edch webov\u00fdch str\u00e1nk\u00e1ch obc\u00ed. <em>Acta onomastica<\/em>, 63, s.\u00a0464\u2013482.<\/li>\n\n\n\n<li>\u0160T\u011aP\u00c1N,\u00a0P. (2020): Psan\u00ed velk\u00fdch p\u00edsmen u\u00a0toponym v\u00a0\u010de\u0161tin\u011b: polemick\u00fd pohled. <em>Acta onomastica<\/em>, 61, 2, s.\u00a0417\u2013439.<\/li>\n\n\n\n<li>\u0160T\u011aP\u00c1N,\u00a0P. (2018): Namegiving in the Czech Republic: Legal Regulation and the Role of Onomasticians. <em>Onomastica Uralica<\/em>, 14, s.\u00a083\u201392.<\/li>\n\n\n\n<li>\u0160T\u011aP\u00c1N,\u00a0P. (2018): Ke zm\u011bn\u00e1m \u010desk\u00fdch oikonym\u00a0v\u00a0letech 1996\u20132017. <em>Acta onomastica<\/em>, 59, s.\u00a0215\u2013226.<\/li>\n\n\n\n<li>\u0160T\u011aP\u00c1N,\u00a0P. (2017): Honorifika\u010dn\u00ed motiv\u00a0v\u00a0pom\u00edstn\u00edch jm\u00e9nech. In: J.\u00a0Mart\u00ednek \u2013 L.\u00a0K\u0159\u00ed\u017eov\u00e1, <em>Od Karlova mostu ke Gottwaldovu: osobnosti\u00a0v\u00a0n\u00e1zvech m\u011bst a m\u00edst<\/em>. Praha: Historick\u00fd \u00fastav, s.\u00a0131\u2013137.<\/li>\n\n\n\n<li>\u0160T\u011aP\u00c1N,\u00a0P. (2017): <em>Chodovo<\/em>, <em>Kouto<\/em>, <em>Choboto<\/em>. K p\u0159echodu toponym od maskulina\u00a0k\u00a0neutru. <em>Na\u0161e \u0159e\u010d<\/em>, 100, 3, s.\u00a0148\u2013158.<\/li>\n\n\n\n<li>\u0160T\u011aP\u00c1N,\u00a0P. (2016): Pom\u00edstn\u00ed jm\u00e9na a pam\u011b\u0165. In: J.\u00a0David (ed.), <em>Toponyma. Kulturn\u00ed d\u011bdictv\u00ed a pam\u011b\u0165 m\u00edst.<\/em> Ostrava: Ostravsk\u00e1 univerzita\u00a0v\u00a0Ostrav\u011b, s.\u00a0100\u2013114.<\/li>\n\n\n\n<li>\u0160T\u011aP\u00c1N,\u00a0P. (2016): Emotional Expressivity in Czech Toponymy. In: K.\u00a0Hough \u2013 D.\u00a0Izdebska (eds.), <em>Names and Their Environment<\/em>. <em>Proceedings of the 25th\u00a0International Congress of Onomastic Sciences<\/em>. Glasgow, 25-29\u00a0August 2014. Volume\u00a02. Glasgow: University of Glasgow, s.\u00a0169\u2013175.<\/li>\n\n\n\n<li>\u0160T\u011aP\u00c1N,\u00a0P. (2016): Hydronymum Labe a jeho deriva\u010dn\u00ed potenci\u00e1l\u00a0v\u00a0toponymii \u010cech. <em>Acta onomastica<\/em>, 55, s.\u00a0297\u2013304.<\/li>\n\n\n\n<li>\u0160T\u011aP\u00c1N,\u00a0P. (2016): Teritori\u00e1ln\u00ed p\u0159\u00edznakovost formant\u016f\u00a0v\u00a0anoikonymii. In: K.\u00a0Ballekov\u00e1 \u2013 \u013d.\u00a0Kr\u00e1lik \u2013 G.\u00a0M\u00facskov\u00e1 (eds.), <em>Prirodzen\u00fd v\u00fdvin jazyka a jazykov\u00e9 kontakty<\/em>. Bratislava: Veda, s.\u00a0322\u2013330.<\/li>\n\n\n\n<li>\u0160T\u011aP\u00c1N,\u00a0P. (2015): Paraleln\u00ed formace\u00a0v\u00a0anoikonymii \u010cech. In: A.\u00a0Ga\u0142kowski \u2013 R.\u00a0Gliwa (eds.): <em>Mikrotoponimy i makrotoponimy w komunikacji i literaturze. Microtoponyms and macrotoponyms in communication and literature<\/em>. \u0141od\u017a: Wydawnictwo Uniwersytetu \u0141odzkiego, s.\u00a033\u201339.<\/li>\n\n\n\n<li>\u0160T\u011aP\u00c1N,\u00a0P. (2015): N\u00e1zvotvorba a propri\u00e1ln\u00ed slovotvorba. In: A.\u00a0Ko\u0142odziej \u2013 M.\u00a0Ba\u0144ka-Kowalczyk \u2013 M.\u00a0Budzi\u0144ska, <em>S\u0142owia\u0144szczyzna dawniej i dzi\u015b \u2013 j\u0119zyk, literatura, kultura. Monografia ze studi\u00f3w slawistycznych II<\/em>. \u010cerven\u00fd Kostelec: Pavel Mervart, s.\u00a0151\u2013157.<\/li>\n\n\n\n<li>\u0160T\u011aP\u00c1N,\u00a0P. (2015): Vybran\u00e9 kompozitn\u00ed struktury\u00a0v\u00a0anoikonymii \u010cech. In: I.\u00a0Valentov\u00e1 (ed.), 1<em>9.\u00a0slovensk\u00e1 onomastick\u00e1 konferencia. Bratislava 28. \u2013 30.\u00a0apr\u00edla 2014. Zborn\u00edk refer\u00e1tov<\/em>. Bratislava: Veda, s.\u00a0337\u2013343.<\/li>\n\n\n\n<li>\u0160T\u011aP\u00c1N,\u00a0P. (2014): <em>Solopisky<\/em>, <em>Bezd\u011bdick\u00fd klu\u010dek<\/em>, <em>Pode Zd\u011bmi<\/em>, <em>Rooseweltova<\/em>. Ke standardizovan\u00fdm podob\u00e1m \u010desk\u00fdch toponym. In: E.\u00a0Min\u00e1\u0159ov\u00e1 \u2013 D.\u00a0Sochorov\u00e1 \u2013 J.\u00a0Z\u00edtkov\u00e1 (eds.), <em>Vlastn\u00ed jm\u00e9na\u00a0v\u00a0textech a kontextech<\/em>. Brno: Masarykova univerzita, s.\u00a0115\u2013121.<\/li>\n\n\n\n<li>\u0160T\u011aP\u00c1N,\u00a0P. (2013): Towards Analogy in Toponyms. In: O.\u00a0Felecan (ed.), <em>Name and Naming. Proceedings of the Second International Conference on Onomastics. Onomastics in Contemporary Public Space<\/em>. Cluj-Napoca: Editura Mega \u2013 Editura Argonaut, s.\u00a0379\u2013383.<\/li>\n\n\n\n<li>\u0160T\u011aP\u00c1N,\u00a0P. (2012): Metonymical Transfers of Meaning in Toponymy. In: M.\u00a0G.\u00a0Arcamone \u2013\u00a0D.\u00a0Bremer \u2013\u00a0D.\u00a0De Camilli \u2013\u00a0A.\u00a0Rossebastiano (eds.), <em>Atti del XXII Congresso Internazionale di Scienze Onomastiche, Pisa, 28 agosto \u2013 4\u00a0settembre 2005. Sezione 5. Toponomastica<\/em>. Pisa: ETS, s.\u00a0771\u2013778.<\/li>\n\n\n\n<li>\u0160T\u011aP\u00c1N,\u00a0P. (2012): Konkurence adjektivn\u00edch sufix\u016f\u00a0v\u00a0toponymii jako\u017eto d\u016fsledek staro\u010desk\u00e9 polylexie rela\u010dn\u00edch adjektiv. In: P.\u00a0Nejedl\u00fd \u2013\u00a0M.Vajdlov\u00e1 (eds.), <em>Cesty slov<\/em>. Praha: \u00dastav pro jazyk \u010desk\u00fd AV \u010cR, v. v. i., s.\u00a0235\u2013246.<\/li>\n\n\n\n<li>\u0160T\u011aP\u00c1N,\u00a0P. (2011): Tvo\u0159en\u00ed detoponymick\u00fdch urbanonym (na p\u0159\u00edkladu urbanonymie hlavn\u00edho m\u011bsta Prahy) . <em>Acta onomastica<\/em>, 52, s.\u00a0160\u2013178.<\/li>\n\n\n\n<li>\u0160T\u011aP\u00c1N,\u00a0P. (2011): Colour Terms and Their Oppositions in Czech Toponymy. In: A.\u00a0Ragauskait\u0117 \u2013 G.\u00a0Bla\u017eien\u0117 (eds.), <em>Baltu onomastikos tyrimai 2<\/em>. Vilnius: Lietuvi\u0173 kalbos institutas, s.\u00a0202\u2013210.<\/li>\n\n\n\n<li>\u0160T\u011aP\u00c1N,\u00a0P. (2009): Oppositions in Toponymy. In: W.\u00a0Ahrens \u2013 S.\u00a0Embleton \u2013 A.\u00a0Lapierre (eds.), <em>Names in Multi-Lingual, Multi-Cultural and Multi-Ethnic World. Proceedings of the 23rd International Congress of Onomastic Sciences, August\u00a017-22, 2008, York University, Toronto, Canada (CD-ROM)<\/em>. Toronto: York University, s.\u00a0915\u2013920.<\/li>\n\n\n\n<li>\u0160T\u011aP\u00c1N,\u00a0P. (2005): K\u00a0metonymick\u00e9mu p\u0159enosu v\u00fdznamu substantiv ozna\u010duj\u00edc\u00edch pohyb\u00a0v\u00a0toponymii \u010cech. In: P.\u00a0Nejedl\u00fd \u2013 M.\u00a0Vajdlov\u00e1 (eds.), <em>Verba et historia. Igoru N\u011bmcovi\u00a0k\u00a080. narozenin\u00e1m<\/em>. Praha: \u00dastav pro jazyk \u010desk\u00fd AV \u010cR, s.\u00a0361\u2013364.<\/li>\n<\/ol>\n","protected":false},"excerpt":{"rendered":"<p>PhDr. Pavel \u0160t\u011bp\u00e1n, Ph.D. Kontakty: stepan@ujc.cas.cz\u00dastav pro jazyk \u010desk\u00fd AV \u010cR, v. v. i., Letensk\u00e1 4, 118 00 Praha 1 Odborn\u00e9 zam\u011b\u0159en\u00ed: toponomastika (pom\u00edstn\u00ed jm\u00e9na, m\u00edstn\u00ed jm\u00e9na, urbanonyma); antroponomastika\u00a0s\u00a0d\u016frazem na expertizn\u00ed \u010dinnost; propri\u00e1ln\u00ed slovotvorba. Vzd\u011bl\u00e1n\u00ed: 2004\u20132010 Filozofick\u00e1 fakulta Univerzity Karlovy\u00a0v\u00a0Praze 2003: Filozofick\u00e1 fakulta Univerzity Karlovy v&nbsp;Praze 1996\u20132002: Filozofick\u00e1 fakulta Univerzity Karlovy Dosa\u017een\u00e1 praxe: Vybran\u00e9 publikace:&hellip; <br \/> <a class=\"read-more\" href=\"https:\/\/kospoznan.pan.pl\/?page_id=632\">Dowiedz si\u0119 wi\u0119cej<\/a><\/p>\n","protected":false},"author":2,"featured_media":0,"parent":0,"menu_order":0,"comment_status":"closed","ping_status":"closed","template":"","meta":{"ngg_post_thumbnail":0,"footnotes":""},"class_list":["post-632","page","type-page","status-publish","hentry"],"_links":{"self":[{"href":"https:\/\/kospoznan.pan.pl\/index.php?rest_route=\/wp\/v2\/pages\/632","targetHints":{"allow":["GET"]}}],"collection":[{"href":"https:\/\/kospoznan.pan.pl\/index.php?rest_route=\/wp\/v2\/pages"}],"about":[{"href":"https:\/\/kospoznan.pan.pl\/index.php?rest_route=\/wp\/v2\/types\/page"}],"author":[{"embeddable":true,"href":"https:\/\/kospoznan.pan.pl\/index.php?rest_route=\/wp\/v2\/users\/2"}],"replies":[{"embeddable":true,"href":"https:\/\/kospoznan.pan.pl\/index.php?rest_route=%2Fwp%2Fv2%2Fcomments&post=632"}],"version-history":[{"count":1,"href":"https:\/\/kospoznan.pan.pl\/index.php?rest_route=\/wp\/v2\/pages\/632\/revisions"}],"predecessor-version":[{"id":633,"href":"https:\/\/kospoznan.pan.pl\/index.php?rest_route=\/wp\/v2\/pages\/632\/revisions\/633"}],"wp:attachment":[{"href":"https:\/\/kospoznan.pan.pl\/index.php?rest_route=%2Fwp%2Fv2%2Fmedia&parent=632"}],"curies":[{"name":"wp","href":"https:\/\/api.w.org\/{rel}","templated":true}]}}